number?
True
Is 818999399 a prime number?
False
Is 4795481507 a composite number?
True
Is 82751863 a composite number?
False
Is 1620621649 composite?
False
Is 120304489 a composite number?
False
Is 110663605999 composite?
False
Is 34329793441 prime?
False
Is 12345740027 a composite number?
True
Is 2144984207 prime?
False
Is 35158440307 a prime number?
False
Is 1905531677 prime?
False
Is 178368653 a prime number?
True
Is 3185023313 prime?
True
Is 20374210733 a prime number?
False
Is 8822916899 prime?
True
Is 207376273769 composite?
True
Is 1922750059 prime?
False
Is 773500657 a composite number?
False
Is 74270170483 a prime number?
False
Is 590875627 a prime number?
False
Is 1629408307 prime?
True
Is 1011296443 a prime number?
True
Is 72156442 prime?
False
Is 15970873799 a prime number?
True
Is 76646711 composite?
True
Is 15676443553 prime?
False
Is 237174724879 a prime number?
True
Is 9446592013 composite?
False
Is 4500263717 prime?
True
Is 162881638163 composite?
True
Is 17599024679 a prime number?
True
Is 4064500157 prime?
True
Is 86928389 prime?
False
Is 5662959821 a composite number?
False
Is 8276258531 a composite number?
True
Is 34771111 composite?
True
Is 45143301919 composite?
False
Is 21556170305 composite?
True
Is 225708793 prime?
True
Is 10508812045 prime?
False
Is 3261656089 a prime number?
True
Is 480940307 composite?
True
Is 21531018703 a prime number?
False
Is 147940643491 prime?
True
Is 3686851807 a composite number?
True
Is 172331389819 a composite number?
False
Is 6546957247 a composite number?
True
Is 405790639 composite?
False
Is 73948591841 prime?
False
Is 10748340807 prime?
False
Is 32028082343 a composite number?
False
Is 96082271953 composite?
True
Is 507374851 composite?
True
Is 10449771169 a prime number?
True
Is 44157236341 a prime number?
True
Is 32484214767 composite?
True
Is 16085755639 composite?
False
Is 88661882773 a composite number?
True
Is 16972325327 a prime number?
True
Is 76912934081 prime?
True
Is 86900621611 a prime number?
False
Is 18790064903 composite?
True
Is 15984206083 prime?
True
Is 112127863 a prime number?
False
Is 843823949 a composite number?
False
Is 98191145914 a prime number?
False
Is 26408886191 composite?
True
Is 1383523307 prime?
False
Is 17961717883 a prime number?
True
Is 2036674151 prime?
True
Is 29783020979 a composite number?
True
Is 1663643843 a prime number?
False
Is 4174254023 composite?
True
Is 5250688103 a prime number?
False
Is 3902068183 a prime number?
False
Is 5165229779 a prime number?
False
Is 30015052021 composite?
False
Is 17971107137 prime?
False
Is 7489466437 prime?
True
Is 265236596311 prime?
True
Is 944800223 prime?
True
Is 2113465723 composite?
True
Is 14225301737 a prime number?
False
Is 77360620093 composite?
False
Is 1444617201 composite?
True
Is 487910363341 a prime number?
True
Is 4472538289 composite?
True
Is 34307748691 a composite number?
True
Is 27560287 prime?
True
Is 6083170141 a prime number?
True
Is 184301861 composite?
False
Is 2939964743 prime?
False
Is 428960911 composite?
False
Is 117325003 a composite number?
False
Is 4311819911 prime?
False
Is 56275811 composite?
True
Is 1735744385 a prime number?
False
Is 371673383 prime?
False
Is 389859823 a prime number?
True
Is 49214037829 composite?
True
Is 10473614881 a composite number?
True
Is 1510848071 prime?
False
Is 118194719 prime?
True
Is 600809899 a prime number?
True
Is 408133409 prime?
True
Is 7381456073 a prime number?
True
Is 765589901 composite?
True
Is 223850336159 a composite number?
False
Is 4490846021 composite?
True
Is 31963971059 prime?
True
Is 1337325761 composite?
True
Is 6790091879 a prime number?
False
Is 3743388809 a composite number?
False
Is 25621913341 composite?
True
Is 282038623 a composite number?
True
Is 416871277 composite?
True
Is 289093243 a prime number?
True
Is 84530708579 prime?
True
Is 878638811 a composite number?
False
Is 186251519 a prime number?
True
Is 36983733559 prime?
False
Is 5593176149 a composite number?
True
Is 1779113939 prime?
True
Is 35130619787 a composite number?
False
Is 5242278313 prime?
True
Is 3691095139 prime?
False
Is 640292431 a prime number?
True
Is 3308672467 composite?
True
Is 612422339 prime?
True
Is 79329661 prime?
False
Is 3297121513 composite?
True
Is 43237676091 prime?
False
Is 8236296221 prime?
False
Is 31286915351 prime?
True
Is 3414230579 a composite number?
True
Is 2043122773 composite?
True
Is 59881903 composite?
True
Is 9189797 a prime number?
True
Is 5657090827 a prime number?
False
Is 11123099749 a composite number?
True
Is 362137037 a composite number?
True
Is 3923147 a prime number?
False
Is 1854316943 a prime number?
True
Is 342738120241 a composite number?
True
Is 498326153791 prime?
True
Is 682662787 a composite number?
False
Is 67161572707 a prime number?
False
Is 4152948809 a prime number?
True
Is 80273741797 a prime number?
True
Is 3731740511 a prime number?
False
Is 1123825847 prime?
False
Is 9192627337 a prime number?
False
Is 63573666271 a prime number?
True
Is 1195675961 prime?
True
Is 1111065861 prime?
False
Is 174865473319 a prime number?
True
Is 997759063 prime?
False
Is 6117216353 a prime number?
True
Is 3501409721 a prime number?
True
Is 3582653039 a prime number?
False
Is 39557659 prime?
True
Is 6266981653 prime?
True
Is 4262360563 a composite number?
False
Is 888101443 composite?
True
Is 12880462249 prime?
False
Is 10143943813 prime?
True
Is 3183182549 composite?
False
Is 20237551 a composite number?
True
Is 7364489369 composite?
True
Is 1328078687 a prime number?
False
Is 19637882533 a prime number?
False
Is 1545463573 prime?
True
Is 3696501883 a composite number?
True
Is 22351644181 a prime number?
False
Is 13407353321 composite?
False
Is 4199208863 a composite number?
False
Is 1814912087 composite?
True
Is 19853898101 composite?
False
Is 564906439 a composite number?
False
Is 313944101 a composite number?
False
Is 21357227809 a composite number?
False
Is 4853174917 a composite number?
False
Is 14174673751 prime?
False
Is 10141319 prime?
False
Is 1416537817 composite?
True
Is 85779260821 a prime number?
True
Is 4444559349 a composite number?
True
Is 6471365111 composite?
True
Is 864957833 a prime number?
False
Is 190082839 composite?
True
Is 156668489 composite?
False
Is 21905438297 composite?
False
Is 3631009511 a prime number?
False
Is 11854809401 prime?
True
Is 2116356899 a composite number?
True
Is 5195230291 prime?
True
Is 185580877 composite?
True
Is 17639049173 a composite number?
False
Is 163304822207 a composite number?
True
Is 545964997 a composite number?
False
Is 5239603087 composite?
False
Is 39002989037 prime?
True
Is 12876772673 composite?
False
Is 60436980209 a composite number?
True
Is 104254400674 a composite number?
True
Is 2315314345 composite?
True
Is 5828083267 a prime number?
True
Is 5583060214 composite?
True
Is 18372743 a prime number?
False
Is 2454169721 prime?
True
Is 577271729 prime?
True
Is 1114441189 composite?
False
Is 583960591 a prime number?
False
Is 1552382333 composite?
True
Is 963649073 a composite number?
False
Is 1728307583 prime?
False
Is 3190563137 prime?
True
Is 1575968071 a prime number?
True
Is 3792180299 composite?
False
Is 394939063 a prime number?
False
Is 760903057 a composite number?
False
Is 32905945327 prime?
True
Is 16256177803 a prime number?
False
Is 4796597479 a composite number?
False
Is 440393209 prime?
False
Is 24780877057 prime?
True
Is 111957163 a composite number?
False
Is 247990409 a prime number?
True
Is 1250153753 composite?
True
Is 14449982249 composite?
False
Is 9476876939 a composite number?
False
Is 23158851359 a prime number?
False
Is 77902664447 composite?
False
Is 812246317 prime?
False
Is 129705737453 prime?
True
Is 1249870861 a composite number?
True
Is 4746207997 composite?
False
Is 56030831963 a composite number?
True
Is 29520437 composite?
False
Is 878681963 prime?
True
Is 945901763 a prime number?
False
Is 47986313 prime?
False
Is 1007924657 prime?
False
Is 5690138431 composite?
False
Is 5292343159 a composite number?
False
Is 10255777327 a composite number?
True
Is 7606156099 a prime number?
False
Is 181530793 prime?
False
Is 72786132721 a composite number?
False
Is 30536759843 a prime number?
True
Is 10564696813 prime?
False
